3*n = -3*i + 165. Let p = -107 + i. Let o = 79 - p. What is the highest common factor of o and 18?
18
Suppose -1 + 5 = 2*y. Let o be 7 + (-8 + 5)*2. What is the highest common factor of o and y?
1
Suppose 16*f - 149 = -3*w + 17*f, -5*f = 5*w - 235. What is the highest common factor of 637 and w?
49
Suppose -18*n - 50*n = -6664. Calculate the greatest common divisor of 14 and n.
14
Suppose -9 = -4*c + 7. Suppose b - 22 = -2*t, -c*t + 2*b + 27 = -17. Calculate the greatest common divisor of 121 and t.
11
Let n(f) = 29*f - 4*f**3 + 6 - 3 - 4*f**2 - 30*f. Let g be n(-2). Calculate the highest common divisor of g and 3.
3
Let l = -13 - -24. Let t(g) = 5 + g + 0*g + 0*g. Let y be t(l). Calculate the greatest common divisor of y and 128.
16
Let g = -851 - -407. Let w be 12/42 - g/14. Suppose 2*l + 2*l = w. Calculate the highest common factor of l and 88.
8
Suppose a = -6*a - 77. Let y = a + 44. Calculate the greatest common factor of y and 33.
33
Let a be 9/12*4/12*836. Calculate the greatest common divisor of a and 19.
19
Let b be 12/(-9)*75/(-20). What is the highest common factor of b and 10?
5
Let t(l) = -15*l + 135. Let h be t(-7). Calculate the highest common factor of h and 90.
30
Let d = -16 - -16. Let u(t) = t + 5. Let c be u(d). What is the highest common factor of 20 and c?
5
Let z be 27 + 3/(-2 - -3). Calculate the highest common factor of 48 and z.
6
Suppose 45 = -4*z + 157. Suppose -28 = -b - 0*b. Calculate the greatest common factor of b and z.
28
Suppose h + 1 = -4*u, -2*u - 15 = -13. Let i be ((-9)/6)/((-1)/48). Let f = h + i. Calculate the highest common divisor of 15 and f.
15
Suppose 0 = -2*q + 57 + 293. Calculate the greatest common factor of q and 105.
35
Suppose -4*r + 20 = -12. Let k = 215 - 127. Calculate the greatest common divisor of r and k.
8
Let p(g) = -g**3 - g**2 + 1. Let t(n) = -7*n**3 - 12*n**2 - 3*n - 4. Let d(k) = 6*p(k) - t(k). Let r be d(-5). What is the greatest common factor of r and 60?
20
Suppose 0*f + 3*f + 3*c = 9, -5*f + 2*c = -22. What is the highest common factor of f and 184?
4
Let r = 16 + -19. Let p(f) = 5*f**2 - f - 4. Let s be p(r). What is the greatest common factor of s and 4?
4
Let i = -172 + 177. What is the greatest common factor of i and 655?
5
Let f be 10/8 - (-33)/44. Suppose -3*s + 476 = -5*g, f*s = 5*g + 23 + 291. What is the greatest common factor of s and 18?
18
Let z = -46 + 86. Let o = 64 - z. Calculate the greatest common divisor of o and 12.
12
Suppose -6 = -3*m, -4*m = 4*x - 7*x - 2. Let y(o) = 6*o**2 - 2*o - 1. Let w be y(x). Let s = w + -14. Calculate the highest common factor of 35 and s.
5
Let z = -87 + 151. Let o = 20 - 12. Calculate the greatest common factor of z and o.
8
Let n(a) = -8*a - 7. Let q be n(-1). Calculate the greatest common factor of 51 and q.
1
Let y(h) = -45*h - 30. Let w be y(4). Let o = 224 + w. Suppose 0 = -u + 7 + 7. Calculate the greatest common divisor of u and o.
14
Let q(d) = -d**3 - 36*d**2 + 39*d + 100. Let x be q(-37). Calculate the greatest common factor of 923 and x.
13
Let i(d) = 3*d - 58. Let z be i(19). Let f(p) = 8*p**2 + 4*p + 2. Let o be f(z). What is the highest common factor of o and 96?
6
Let p be 90*(24/9 + 2 - 4). What is the greatest common factor of p and 36?
12
Let m(j) = -2*j**2 + 36*j + 44. Let r be m(19). What is the greatest common divisor of 6 and r?
6
Let b be (-35)/(-1)*22/110. Calculate the greatest common divisor of 217 and b.
7
Suppose 0 = -2*r, -2*r + 10 = s + 3*r. What is the highest common factor of s and 230?
10
Let x = -472 + 485. Suppose -4*s + b + 258 = -2*b, 3*s - 183 = -3*b. Let g = 89 - s. Calculate the greatest common divisor of g and x.
13
Suppose 4*n = 4*d - 36, -d - 5*n - 3 - 18 = 0. Let a be 0 - 1 - (-48)/d. Calculate the highest common factor of a and 33.
11
Let k be (-26 + 28)*(-2)/(0 + -2). Suppose -7*a + 50 = -k*a. Let p(v) = 5*v. Let q be p(2). Calculate the highest common factor of q and a.
10
Suppose -118 = -5*y + 267. Let t = 201 - 194. What is the greatest common factor of y and t?
7
Let t = -7 + 10. Let y be t/(-3)*(-47 - 1). Let h be (2/(-4))/((-2)/y). What is the highest common factor of h and 12?
12
Let h be (105/12 - 2) + (-3)/(-12). Calculate the highest common factor of h and 56.
7
Suppose -v - 88*v + 18067 = 0. Calculate the highest common divisor of 14 and v.
7
Suppose -15*d + 322 = -83. What is the greatest common divisor of d and 45?
9
Suppose -71*d = -66*d. Suppose 5*l = 4*g + 159 - 41, -l + g + 24 = d. What is the greatest common factor of l and 44?
22
Let u = -236 - -2956. What is the highest common divisor of 40 and u?
40
Suppose 0 = -4*i + 106 - 26. Let m(r) = r - 1. Let k(l) = -2*l - 5. Let t(x) = k(x) - 4*m(x). Let z be t(-1). Calculate the greatest common divisor of i and z.
5
Let h be (-6)/(2/15*-1). Suppose -u + 3*q + 7 = -2*u, -4*q = 16. Suppose 0*d + h = u*d. Calculate the greatest common factor of 99 and d.
9
Suppose 20*c - 48 = 16*c. What is the greatest common divisor of 384 and c?
12
Let d = -23 - -15. Let p(a) = a + 18. Let y be p(d). What is the highest common factor of y and 80?
10
Let h be ((-6)/2)/((-5)/15). Suppose 47 = 3*k - 19*z + 23*z, -2*z - 8 = -2*k. Calculate the greatest common divisor of k and h.
9
Suppose 0 = -3*m - 0*m + 486. Suppose 6*f + 28 = -248. Let p = f + 64. Calculate the highest common divisor of m and p.
18
Suppose -2*j - 172 = -3*c, -5*j = -5*c - j + 290. Let o = -36 - -6. Let d = o + 36. Calculate the greatest common factor of c and d.
6
Let l be 42/49*63*3. Let j(a) = a**3 + 8*a**2 + 2*a - 17. Let p be j(-7). What is the greatest common factor of p and l?
18
Let j(n) = 15*n + 17. Let w be j(4). What is the greatest common divisor of 22 and w?
11
Let z = 49 + -44. Suppose 4*s - 2*c + 5 = -s, -z*s + c = 0. Suppose -2*t = 4*b, -3*b - 7 = 4*t + t. Calculate the highest common divisor of s and b.
1
Let f(c) = -c + 13. Let o be f(7). Let k = -64 + 68. Calculate the highest common factor of o and k.
2
Let p(i) = -i**3 + 7*i**2 + 15*i + 30. Let y be p(9). Suppose -54 - 9 = -3*f. Calculate the highest common factor of f and y.
3
Suppose 3*s - 1 = 5. Suppose -t - 21 = -4*c, 2*t = -s*t - 4. Suppose c*n = -12 + 37. What is the greatest common factor of 35 and n?
5
Let b(w) = w**2 - 5*w - 4. Let j be b(6). Suppose -8 - 3 = -c - 5*q, -q = j*c - 13. Suppose -c*x + 124 = -4*x. What is the greatest common divisor of x and 93?
31
Suppose 2*s + 18 = -5*n, 8 = -5*s - 3*n + 1. Suppose -13 = 6*l - 19. What is the highest common divisor of s and l?
1
Let y(m) = 6*m**2 - 61*m + 232. Let i be y(4). Calculate the highest common factor of i and 700.
28
Let w(x) = -x**3 - 12*x**2 - 19*x + 15. Let f be w(-10). Calculate the highest common factor of 45 and f.
5
Suppose 4*z + 4*w - 33 = -1, -5*w + 26 = 3*z. Calculate the greatest common factor of z and 14.
7
Let c be 2/(-2) + 40/((-2)/2). Let r = c - -44. What is the greatest common factor of 1 and r?
1
Let v(g) = 31*g**3 + 2*g**2 - 2*g + 1. Let s be 1 - (-2 + 1) - 1. Let n be v(s). Let d be (5 - (1*-9)/(-3)) + 46. What is the greatest common factor of n and d?
16
Let u(q) = -q. Let o(h) = -6*h - 4. Let w(s) = -o(s) + 5*u(s). Let i be w(6). Calculate the greatest common factor of 5 and i.
5
Let w = -1511 - -2465. Calculate the highest common factor of 212 and w.
106
Let m be 2*4 - (-1 + 1). Let p(a) = 49*a + 4608. Let h be p(-94). Calculate the highest common factor of m and h.
2
Let y(j) = j**3 + 6*j**2 - j + 5. Let a be y(-6). Let z(r) = -58*r**2. Let t be z(1). Let s = 179 + t. Calculate the highest common factor of s and a.
11
Suppose -27 = -y - 5*o, 0*o - 16 = -3*y - 2*o. Suppose 0*a = -y*a + 150. Let n = -25 - -50. Calculate the greatest common divisor of a and n.
25
Let g(i) = -244*i**3 + 2*i**2 + 12*i + 11. Let r be g(-1). What is the greatest common divisor of r and 20?
5
Let f be (-212)/(12/(-3)) - (-1)/(-1). Suppose 30*b = 27*b + 39. What is the highest common divisor of b and f?
13
Suppose -17*g + 41846 = -4819. Calculate the greatest common divisor of 61 and g.
61
Let u(x) = -x**3 + 17*x**2 + 2*x + 5. Let c = 7 - -10. Let j be u(c). Let o = -13 - -26. What is the greatest common factor of j and o?
13
Let v(s) = -s**3 + 0*s**3 + 15 + 15*s**2 - 2 + 8. Let p be v(15). Let g(y) = 147*y. Let u be g(1). What is th